n 1961942 is divided by 1844.
1770
Calculate the remainder when 6737069 is divided by 2245685.
14
Calculate the remainder when 791280 is divided by 157981.
1375
Calculate the remainder when 8861 is divided by 1957.
1033
Calculate the remainder when 271728736 is divided by 135864364.
8
What is the remainder when 111769 is divided by 2563?
1560
Calculate the remainder when 61656 is divided by 30825.
6
What is the remainder when 192898562 is divided by 1422?
1418
What is the remainder when 932462 is divided by 26641?
27
Calculate the remainder when 127798 is divided by 42484.
346
What is the remainder when 68604777 is divided by 12460?
17
Calculate the remainder when 1252835905 is divided by 9127.
9123
Calculate the remainder when 238922 is divided by 78712.
2786
What is the remainder when 296294 is divided by 49374?
50
Calculate the remainder when 913287 is divided by 70252.
11
What is the remainder when 20920042 is divided by 2533?
2528
What is the remainder when 35734 is divided by 5822?
802
Calculate the remainder when 2762393 is divided by 86.
73
What is the remainder when 783251 is divided by 792?
755
What is the remainder when 575177 is divided by 114363?
3362
What is the remainder when 123385 is divided by 73?
15
What is the remainder when 524269 is divided by 3182?
2421
What is the remainder when 1156391 is divided by 64?
39
What is the remainder when 28652089 is divided by 9550691?
16
Calculate the remainder when 43372 is divided by 43276.
96
What is the remainder when 2196843 is divided by 64610?
103
Calculate the remainder when 32991 is divided by 2402.
1765
What is the remainder when 3509526 is divided by 468?
462
What is the remainder when 9526832 is divided by 34?
32
Calculate the remainder when 2786639 is divided by 816.
815
Calculate the remainder when 55861683 is divided by 319.
317
What is the remainder when 14395778 is divided by 6727?
6725
What is the remainder when 118522 is divided by 4977?
4051
Calculate the remainder when 307216 is divided by 4452.
28
What is the remainder when 41888573 is divided by 9?
8
What is the remainder when 111285 is divided by 12172?
1737
What is the remainder when 230257 is divided by 17706?
79
What is the remainder when 156270 is divided by 22294?
212
Calculate the remainder when 231815 is divided by 5654.
1
Calculate the remainder when 729312 is divided by 1712.
0
What is the remainder when 236479 is divided by 39?
22
Calculate the remainder when 9764537 is divided by 195288.
137
What is the remainder when 3431586 is divided by 484?
26
What is the remainder when 69527 is divided by 22327?
2546
What is the remainder when 354562 is divided by 106?
98
Calculate the remainder when 3835279 is divided by 56.
7
What is the remainder when 1062578 is divided by 227?
218
What is the remainder when 2094892 is divided by 351?
124
What is the remainder when 1538972 is divided by 8550?
8522
Calculate the remainder when 75937899 is divided by 18984471.
15
Calculate the remainder when 5278409 is divided by 238.
45
Calculate the remainder when 88796 is divided by 140.
36
Calculate the remainder when 93139 is divided by 23199.
343
Calculate the remainder when 1773670911 is divided by 16.
15
Calculate the remainder when 1308823 is divided by 132.
43
Calculate the remainder when 207282 is divided by 103434.
414
What is the remainder when 334933 is divided by 334664?
269
What is the remainder when 3935114 is divided by 5?
4
Calculate the remainder when 299939 is divided by 15772.
271
Calculate the remainder when 4462253 is divided by 1334.
23
What is the remainder when 14974414 is divided by 44?
26
Calculate the remainder when 4607 is divided by 1395.
422
What is the remainder when 735706 is divided by 9086?
8826
What is the remainder when 6126848 is divided by 69?
62
What is the remainder when 829083 is divided by 239?
231
What is the remainder when 129958815 is divided by 32?
31
Calculate the remainder when 23392 is divided by 4941.
3628
Calculate the remainder when 158278 is divided by 3766.
106
What is the remainder when 89563 is divided by 52?
19
What is the remainder when 35313 is divided by 2425?
1363
Calculate the remainder when 117154 is divided by 8995.
219
Calculate the remainder when 1578154 is divided by 1612.
6
What is the remainder when 10046021 is divided by 228317?
73
What is the remainder when 165862 is divided by 2968?
2622
What is the remainder when 38191640 is divided by 4?
0
Calculate the remainder when 206756701 is divided by 82.
15
What is the remainder when 309996 is divided by 1824?
1740
What is the remainder when 729676 is divided by 41?
40
Calculate the remainder when 53761 is divided by 10483.
1346
What is the remainder when 1373855 is divided by 6669?
41
What is the remainder when 887077 is divided by 840?
37
What is the remainder when 11630189 is divided by 2396?
5
Calculate the remainder when 9239289 is divided by 1213.
1081
Calculate the remainder when 715104 is divided by 180.
144
Calculate the remainder when 19914 is divided by 8560.
2794
What is the remainder when 181806722 is divided by 1143?
1142
Calculate the remainder when 4801350 is divided by 1022.
1016
What is the remainder when 88984836 is divided by 16?
4
What is the remainder when 138113 is divided by 19649?
570
Calculate the remainder when 556622 is divided by 254.
108
What is the remainder when 8412714 is divided by 13?
11
What is the remainder when 730772 is divided by 871?
3
What is the remainder when 67393596 is divided by 80?
76
Calculate the remainder when 844615 is divided by 1579.
1429
Calculate the remainder when 762163 is divided by 44809.
410
Calculate the remainder when 39439087 is divided by 147.
16
What is the remainder when 1679715 is divided by 257?
220
Calculate the remainder when 414803 is divided by 4027.
22
What is the remainder when 598791501 is divided by 87?
81
Calculate the remainder when 784699 is divided by 124.
27
What is the remainder when 657017 is divided by 115?
22
What is the remainder when 2611208 is divided by 1172?
1164
What is the remainder when 22215517 is divided by 43?
40
What is the remainder when 141901 is divided by 65793?
10315
What is the remainder when 1327141 is divided by 493?
478
What is the remainder when 140618 is divided by 4030?
3598
What is the remainder when 3047436 is divided by 761852?
28
What is the remainder when 49032 is divided by 539?
522
Calculate the remainder when 11120727 is divided by 87.
39
What is the remainder when 27087 is divided by 333?
114
What is the remainder when 31367072 is divided by 3605?
3572
Calculate the remainder when 2153901 is divided by 1228.
1217
What is the remainder when 6685501 is divided by 142?
141
Calculate the remainder when 179147 is divided by 87460.
4227
What is the remainder when 6211416 is divided by 12?
0
Calculate the remainder when 1383601 is divided by 25617.
283
What is the remainder when 17736563 is divided by 12862?
12727
Calculate the remainder when 402861 is divided by 2052.
669
What is the remainder when 163165 is divided by 1191?
1189
What is the remainder when 12593958 is divided by 6296811?
336
Calculate the remainder when 1193435 is divided by 397806.
17
What is the remainder when 1158729 is divided by 50379?
12
Calculate the remainder when 4238659 is divided by 2088.
19
Calculate the remainder when 4226844 is divided by 9456.
12
Calculate the remainder when 864383 is divided by 20101.
40
Calculate the remainder when 6742 is divided by 1004.
718
Calculate the remainder when 389256 is divided by 96125.
4756
What is the remainder when 4012190 is divided by 57315?
140
What is the remainder when 823359 is divided by 5923?
62
Calculate the remainder when 222863 is divided by 20249.
124
Calculate the remainder when 8619858 is divided by 2154960.
18
What is the remainder when 1678068 is divided by 3323?
3276
Calculate the remainder when 701802 is divided by 25064.
10
What is the remainder when 126145 is divided by 15765?
25
Calculate the remainder when 70255 is divided by 8732.
399
Calculate the remainder when 53736650 is divided by 13.
6
What is the remainder when 36054 is divided by 314?
258
Calculate the remainder when 3727587 is divided by 745516.
7
Calculate the remainder when 188925760 is divided by 498